n factor of u and 1?
1
Let o = 756 - 356. Calculate the highest common divisor of o and 75.
25
Let l be 58 + 1 - (5 - 6). Suppose t + g - 4*g = 60, -5*g - l = -t. What is the highest common divisor of t and 15?
15
Let l be 8/(((-1)/95)/(17/(-85))). Calculate the highest common divisor of 8 and l.
8
Let a = -293 + 448. Calculate the highest common divisor of a and 31.
31
Suppose 0 = -144*g + 122*g + 264. What is the highest common factor of g and 219?
3
Let b be 6 - (-3)/((-12)/(-4)). Suppose -5*v = -b - 13. Suppose -287 = -5*k - 4*y + v, -2*k = -5*y - 90. Calculate the greatest common divisor of k and 11.
11
Suppose 13*g - 37 - 15 = 0. Suppose -g*o + 248 + 90 = -q, -2*o - q = -166. What is the highest common divisor of 12 and o?
12
Suppose -19*n + d = -15*n - 2498, -3*d - 1878 = -3*n. What is the greatest common factor of n and 728?
104
Let l(g) = -g + 6. Let r be l(-16). Calculate the greatest common factor of 77 and r.
11
Let u be (-24)/(-10) + (-8)/20. Suppose -4*b = -v - 1 - 10, 4*v - 28 = -u*b. Calculate the greatest common divisor of b and 8.
4
Suppose 2 = 2*v - 6. Let d(x) = x - 2. Let g be d(v). What is the greatest common factor of g and 3?
1
Let b(q) = 0*q + 5*q - 7*q. Let x be b(-1). Suppose l - 7 = -j, 3*l - x*j = j + 33. What is the greatest common factor of 27 and l?
9
Let c(r) = 2*r**3 - 6*r**2 + 4*r + 2. Let v be 92/24 - -1*3/18. Let m be c(v). What is the greatest common divisor of 125 and m?
25
Let d(q) = q**3 + 5*q**2 + 3*q + 15. Let s be d(-6). Let k = -19 - s. What is the greatest common factor of 2 and k?
2
Let b(f) = -f**2 - 16*f - 7. Let g be b(-14). Calculate the highest common divisor of 21 and g.
21
Suppose -45*k + 5383 + 55457 = 0. What is the greatest common factor of 104 and k?
104
Let a = 286 + 266. Calculate the greatest common divisor of a and 69.
69
Let y = 38 + -16. Suppose -h + 21 = 4*z, -h = h + 3*z - y. Calculate the greatest common factor of 15 and h.
5
Let m(l) = 84*l + 711. Let o be m(-8). What is the greatest common divisor of o and 1248?
39
Let m(y) = 47*y**3 + 2*y**2 - y. Let x be m(1). Suppose z + 2 = -2*o + 80, 5*o = z - 78. Let s = z + -46. Calculate the highest common divisor of s and x.
16
Let b = -2 - -7. Suppose -b*c + c + 280 = 0. Let t = -257 - -267. What is the greatest common factor of c and t?
10
Let t = 460 + -436. What is the greatest common factor of t and 324?
12
Let y be (-3 + -3 - -4)*(-8 + 0). Suppose -3*z + 7*z = y. What is the greatest common divisor of 36 and z?
4
Suppose -4*o + 18 = t, 0 = -2*o - 2*o + 2*t + 12. Suppose -3*n + 2*l + 399 = o*l, -4*n + 531 = 3*l. Calculate the greatest common factor of n and 15.
15
Suppose -3*w = -5*q - 10, 3*w + q = 2*q + 14. Calculate the greatest common factor of 3 and w.
1
Let j(m) = m**3 - 7*m**2 + 2*m - 9. Let f be j(7). Let x(n) = -n**3 + 16*n**2 + 2*n + 23. Let d be x(16). Calculate the greatest common factor of f and d.
5
Suppose 4*u + 16 = 40. What is the highest common divisor of u and 33?
3
Let b(t) = 13*t - 126. Let c be b(11). Suppose 0 = 5*f + 2*y - 506, -2*f + 0*f - y = -202. Calculate the greatest common divisor of f and c.
17
Suppose -7*n - 80 = -2*n. Let y(s) = 7*s - 4. Let k be y(5). Let h = k + n. What is the highest common divisor of 6 and h?
3
Suppose -4*m + 5*d + 0*d = -63, 4*m + 2*d - 42 = 0. Let i be ((-2)/(-6))/(2/648). Calculate the highest common divisor of m and i.
12
Let i(u) = 74*u + 3. Let t be i(1). Let h = -43 + t. Calculate the highest common divisor of h and 272.
34
Let c(x) = 7*x**2 - x + 2. Let v(i) = -i**2 + i - 1. Let s(u) = c(u) + 6*v(u). Let g be s(-9). Let w = -1 - -9. What is the highest common divisor of g and w?
8
Suppose -4607 = -8*p + 4033. Calculate the highest common factor of 15 and p.
15
Let b be ((-10)/(-65))/(-1) - 912/(-13). Calculate the highest common factor of b and 175.
35
Let p(b) = 3*b - 30. Let c be p(11). Suppose 11 = z - c. Calculate the highest common factor of z and 252.
14
Let q be ((-2)/5)/((-7)/(-245)*-1). What is the highest common divisor of 210 and q?
14
Let a be (-50)/(-35) - 8/(-14). Let k(j) = 3*j**a - 15 + 8*j - 25 + 47. Let q be k(-5). Calculate the greatest common divisor of 21 and q.
21
Suppose 0 = -2*z + 10, -3*z + 100 = -m - 40. Let s = -60 - m. Suppose 2*d - 4*d + f = -27, 4*f + 43 = 3*d. What is the highest common factor of d and s?
13
Suppose 10 = 2*r, 0*r - 4*r + 570 = 5*s. Calculate the highest common factor of s and 10.
10
Suppose 2*q + 267 = 5*x, -2*q + x = 2*q + 525. Let y = 219 + q. What is the greatest common divisor of 11 and y?
11
Suppose 5 = -5*x, -3*t + 6*t = 5*x + 32. Let l = 21 + t. Let h(k) = 2*k**2 + 15*k + 28. Let f be h(-14). What is the highest common divisor of f and l?
30
Suppose 3*h = -2*h + l + 85, -l = -5. Let s = h + -13. Calculate the highest common divisor of s and 40.
5
Let s = 1551 + -385. What is the greatest common divisor of 44 and s?
22
Suppose v - 8 = -3*v. Suppose -v*a = -6, -2*a + 7*a = s + 13. Let c be 0 + -1 - (351 - 355). What is the highest common divisor of c and s?
1
Suppose 5*a = 11 - 1. Suppose -a*y + 19 = -13. Suppose -y = -c - c. What is the highest common divisor of 8 and c?
8
Let m(d) = 6*d**2 + 24*d - 26. Let w be m(-13). Calculate the highest common divisor of 52 and w.
52
Let f(w) = -w**3 - 6*w**2 + 7*w + 5. Let k = -27 + 20. Let s be f(k). Suppose -s*g + 27 = -63. What is the greatest common divisor of 12 and g?
6
Suppose 0 = -5*u - 4*n + 696, -n + 8 = 4. Suppose -5*h = 3*s - 119 - 33, 0 = 3*s + h - u. Calculate the highest common divisor of 4 and s.
4
Suppose 3*x = -6*x + 1548. Calculate the greatest common factor of 43 and x.
43
Let f(q) = -49*q - 1. Let j be f(-3). Suppose 0 = 2*w - w - 4*d - j, -4*d = -3*w + 398. Suppose 58 = 4*x - 14. What is the greatest common factor of x and w?
18
Let s = -1304 + 1324. Calculate the highest common divisor of 155 and s.
5
Let p(l) = -l**2 + 7*l - 3. Let b be p(6). Suppose 3*h - 2*r - 60 = 220, b*h = -r + 265. Suppose -6*t + h = -t. What is the highest common divisor of 162 and t?
18
Let f be (18/12)/(1/80). Let c(z) = z**2 - 18*z - 25. Let l be c(20). What is the greatest common factor of l and f?
15
Let t = 1 + 1. Suppose -2*m = t - 8. Suppose 0 = -4*a + m*f + 85, -4*f - 30 - 32 = -3*a. What is the highest common factor of 220 and a?
22
Suppose -5 = -c + 2*u, -c - 2*u = 3 - 4. Suppose 3*f - 2*v + 57 + 2 = 0, -3*v - 6 = 0. Let w = c - f. What is the highest common factor of 12 and w?
12
Let h be (2 + 152 - -2) + -2. Let l(y) = 3*y**2 - 63*y + 74. Let n be l(20). Calculate the greatest common factor of h and n.
14
Let b = -3 + 12. Suppose -82*k + 540 = -5364. Calculate the greatest common factor of b and k.
9
Let x(k) = 2*k**2 - 32*k - 10. Let v = 5 - -12. Let j be x(v). What is the greatest common factor of j and 12?
12
Let d = 159 + -31. Let q = d - 77. Suppose 0 = 3*p - 54 - q. Calculate the highest common factor of p and 14.
7
Suppose 65 = 4*x - 3*v + 10, 5*x + v = 83. Calculate the highest common factor of 128 and x.
16
Let d(o) = -31*o - 1. Let x be d(-1). Suppose 0 = -27*c + 2265 + 3405. What is the highest common divisor of c and x?
30
Let o(p) = -p + 17. Suppose -k = -2*k + 4*z + 47, k - 2*z = 41. Suppose 4*l + 5 = -k. Let g be o(l). What is the highest common divisor of 54 and g?
27
Let x(g) = -42*g + 154. Let l be x(-15). Calculate the greatest common factor of 32 and l.
16
Let q(c) = 4*c + 8*c + 8 - 5*c. Let x be q(4). What is the highest common divisor of x and 24?
12
Suppose 0 = b + 5 - 14. Let p be (-8)/4 - (-2 + -3). Suppose 0*j + p*j = 297. Calculate the greatest common divisor of b and j.
9
Let l be (-1 - -2)*11/1. Let p(o) = o - 1. Let n(z) = 10*z - 8. Let c(y) = -n(y) + 12*p(y). Let s be c(l). Calculate the greatest common factor of s and 126.
18
Let f = 8 + 13. Suppose 3*u + u + 4*d - 28 = 0, 4*u + d = 25. Let n be (-7)/(-1) + -16 + u + 6. What is the highest common divisor of n and f?
3
Let t(o) = o**2 - 7*o + 2. Let x be t(7). Suppose 9*c - 322 = x*c. What is the highest common factor of c and 69?
23
Let a be (-2205)/(-12) + 45/36. Calculate the highest common divisor of 37 and a.
37
Suppose -26 = -3*l - 11. Suppose l*i = i - 96. Let o = i + 35. Calculate the highest common divisor of o and 88.
11
Let t(p) = 328*p. Let h be t(-1). Let u = h + 568